
Is 231 a factor of 51834090?
True
Does 59 divide 459148974?
True
Is 13045219 a multiple of 1932?
False
Is 3717580 a multiple of 27?
False
Is 7354272 a multiple of 96?
True
Is 161 a factor of 605245795?
False
Is 5183 a factor of 930446977?
True
Is 1086906147 a multiple of 1587?
True
Is 1015 a factor of 119351015?
False
Does 18 divide 58207670?
False
Does 376 divide 1997703?
False
Is 62 a factor of 254537404?
True
Is 2 a factor of 13574773?
False
Does 12 divide 1564160136?
True
Does 498 divide 48428224?
False
Does 89 divide 30294976?
False
Is 136085873 a multiple of 975?
False
Is 155407008 a multiple of 913?
False
Is 1152 a factor of 447185664?
True
Is 33204428 a multiple of 8?
False
Is 113269677 a multiple of 521?
False
Is 979881 a multiple of 609?
True
Is 3991 a factor of 161240391?
True
Does 16 divide 43954400?
True
Is 163539285 a multiple of 65?
True
Is 126483834 a multiple of 20?
False
Is 2332 a factor of 2188327812?
True
Is 16 a factor of 31725510?
False
Does 3946 divide 1159344360?
False
Is 5 a factor of 7171483?
False
Does 7 divide 1360119126?
False
Is 18259553 a multiple of 911?
False
Is 633715310 a multiple of 147?
False
Does 106 divide 38997426?
False
Is 1862 a factor of 5047718144?
True
Does 4 divide 17253480?
True
Is 356797120 a multiple of 2864?
True
Is 23 a factor of 1845933908?
True
Does 1239 divide 220222338?
True
Is 166 a factor of 70052166?
True
Does 72 divide 4680818568?
True
Does 2 divide 3841736?
True
Does 271 divide 568710932?
False
Is 24779487 a multiple of 23?
True
Is 6877662 a multiple of 2?
True
Is 16071405 a multiple of 21?
True
Does 75 divide 46387650?
True
Is 8848789 a multiple of 14?
False
Does 226 divide 173313848?
False
Is 35370562 a multiple of 15?
False
Does 194 divide 851405666?
True
Does 369 divide 188644006?
False
Does 4 divide 453153779?
False
Is 300904768 a multiple of 46?
True
Is 187291335 a multiple of 1155?
True
Does 45 divide 16762590?
True
Does 590 divide 477104680?
True
Does 495 divide 93808440?
True
Is 177266516 a multiple of 2003?
False
Does 5673 divide 262784498?
False
Is 874330 a multiple of 17?
False
Is 45220512 a multiple of 30?
False
Is 101404756 a multiple of 60?
False
Is 581 a factor of 10273519?
False
Does 1765 divide 299349295?
True
Is 3343 a factor of 419820626?
True
Does 24 divide 64977436?
False
Is 110207005 a multiple of 365?
True
Does 217 divide 22745754?
False
Does 13 divide 110833694?
False
Is 38171494 a multiple of 19?
True
Does 4615 divide 125504925?
True
Is 80 a factor of 181310?
False
Is 47822124 a multiple of 47?
True
Is 24 a factor of 82134360?
True
Is 395580621 a multiple of 3?
True
Is 68249675 a multiple of 1057?
False
Is 922629535 a multiple of 29?
False
Is 15 a factor of 121538325?
True
Is 11 a factor of 38635153?
False
Does 1162 divide 54638322?
False
Is 73 a factor of 854603467?
False
Does 59 divide 236195697?
False
Is 54954485 a multiple of 829?
False
Is 449168 a multiple of 5?
False
Is 484 a factor of 415710834?
False
Is 704 a factor of 129106560?
True
Is 42730206 a multiple of 39?
False
Is 44051397 a multiple of 1707?
False
Does 2 divide 5000846?
True
Does 26 divide 68742960?
True
Is 5210747 a multiple of 482?
False
Is 9031533 a multiple of 469?
True
Does 22 divide 235648160?
True
Is 4614968 a multiple of 7?
False
Is 32 a factor of 115841822?
False
Is 65 a factor of 63218936?
False
Is 7810101 a multiple of 192?
False
Does 876 divide 158930052?
True
Is 40773662 a multiple of 874?
False
Is 656502 a multiple of 5?
False
Is 1125 a factor of 1919482875?
True
Is 304357407 a multiple of 399?
False
Is 22309416 a multiple of 1199?
False
Does 1471 divide 39862738?
False
Is 17442532 a multiple of 386?
False
Does 32 divide 30302272?
True
Is 150304928 a multiple of 1306?
True
Is 156574269 a multiple of 19?
True
Is 165 a factor of 246848415?
True
Does 3065 divide 360447065?
True
Is 16 a factor of 1107107872?
True
Does 168 divide 327284670?
False
Does 1255 divide 62384795?
True
Is 25864429 a multiple of 47?
True
Does 398 divide 12464285?
False
Does 13 divide 13285459?
False
Does 4 divide 2918310?
False
Does 66 divide 338414013?
False
Is 516187967 a multiple of 76?
False
Is 604931293 a multiple of 490?
False
Is 178574232 a multiple of 24?
True
Is 555 a factor of 334757685?
True
Does 3 divide 28829227?
False
Does 64 divide 5930164?
False
Does 192 divide 48261286?
False
Is 1239 a factor of 380142546?
True
Is 22 a factor of 6048715?
False
Is 1987 a factor of 4483395130?
False
Is 416342375 a multiple of 434?
False
Is 958904882 a multiple of 19?
True
Is 655762018 a multiple of 558?
False
Is 57 a factor of 14508723?
True
Is 21 a factor of 2242187388?
True
Is 3792360 a multiple of 60?
True
Is 3030990 a multiple of 5?
True
Is 51 a factor of 439761189?
False
Does 40 divide 32192680?
True
Is 994 a factor of 47727904?
True
Does 3029 divide 4412983419?
True
Is 999 a factor of 12342645?
True
Does 172 divide 357236432?
True
Does 653 divide 263031665?
True
Is 6966375 a multiple of 975?
True
Is 5 a factor of 435579?
False
Is 7718099 a multiple of 103?
True
Is 203546285 a multiple of 557?
False
Is 22 a factor of 406930062?
True
Does 3 divide 22782431?
False
Is 5 a factor of 45348295?
True
Does 222 divide 222775067?
False
Is 12 a factor of 2824425277?
False
Is 56779 a multiple of 48?
False
Does 525 divide 72652537?
False
Is 166002888 a multiple of 12?
True
Is 106 a factor of 996722982?
True
Is 106858035 a multiple of 2377?
True
Does 38 divide 27156390?
False
Is 2081 a factor of 10818511?
False
Does 77 divide 701472603?
False
Is 13449156 a multiple of 1218?
True
Does 277 divide 37859252?
True
Is 992 a factor of 184478731?
False
Is 62 a factor of 13067745?
False
Is 335676110 a multiple of 233?
True
Does 403 divide 18422742?
True
Is 75670571 a multiple of 72?
False
Is 208 a factor of 14767792?
True
Is 1315 a factor of 74182494?
False
Is 380 a factor of 75787580?
True
Does 162 divide 72428903?
False
Is 239 a factor of 65132041?
True
Is 6360955250 a multiple of 2050?
True
Is 19491428 a multiple of 22?
True
Is 34 a factor of 19080426?
True
Is 177804456 a multiple of 88?
False
Is 37 a factor of 1241435248?
True
Does 40 divide 229345360?
True
Is 494103098 a multiple of 80?
False
Is 633651655 a multiple of 973?
True
Is 259 a factor of 193527908?
True
Does 269 divide 816797879?
False
Is 35539706 a multiple of 19?
False
Does 404 divide 207365620?
False
Is 1779 a factor of 3488849095?
False
Does 25 divide 52659413?
False
Is 17 a factor of 1255081?
False
Does 852 divide 100852944?
True
Does 62 divide 3734609990?
True
Is 80692341 a multiple of 2346?
False
Is 75 a factor of 4475351073?
False
Is 1365657216 a multiple of 4928?
True
Is 13154317 a multiple of 4?
False
Is 281188040 a multiple of 854?
True
Does 25 divide 753419350?
True
Is 706 a factor of 1641238622?
False
Is 11 a factor of 37044692?
False
Is 760 a factor of 287360874?
False
Does 7 divide 2006111331?
True
Does 26 divide 34087138?
False
Is 547 a factor of 1304568256?
False
Is 6621677892 a multiple of 36?
True
Does 4 divide 43457972?
True
Is 304683340 a multiple of 218?
True
Is 18 a factor of 31732110?
True
Does 21 divide 103595898?
True
Is 3703385265 a multiple of 1658?
False
Does 14 divide 2919140?
True
Is 72 a factor of 180055533?
False
Is 21425363 a multiple of 19?
False
Is 5525899900 a multiple of 2150?
True
Is 2837383 a multiple of 2?
False
Is 1812 a factor of 2272468195?
False
Does 4 divide 33158763?
False
Is 73374874 a multiple of 62?
False
Is 109 a factor of 356213403?
False
Does 18 divide 4272969?
False
Is 951766 a multiple of 4?
False
Is 30271626 a multiple of 77?
True
Is 207636464 a multiple of 1148?
True
Is 60 a factor of 2100338834?
False
Is 166165342 a multiple of 2238?
False
Does 1037 divide 317418441?
True
Does 100 divide 2701563?
False
Is 66202129 a multiple of 6?
False
Is 1513921648 a multiple of 16?
True
Is 6786054 a multiple of 8?
False
Is 3046807 a multiple of 2?
False
Is 40812259 a multiple of 8?
False
Does 166 divide 54783489?
False
Does 56 divide 115994088?
True
Does 3 divide 1449526?
False
Does 9 divide 42715359?
True
Is 254 a factor of 6391994?
False
Does 4871 divide 334476957?
True
Is 2257 a factor of 267723083?
True
Is 100 a factor of 52894300?
True
Is 26 a factor of 201311058?
True
Does 15 divide 8375259?
False
Is 3629486